*g(r) - 6*o(r). Calculate w(1).
3
Let v be 5/(60/7372) + (-2)/6. Let z(t) = -v + 614 + 11*t + 5*t. What is z(1)?
16
Let n(v) = v**2 - 3*v - 2. Suppose -4*a - 12*h - 12 = -16*h, 0 = 4*a - 2*h + 8. Calculate n(a).
2
Let y = -6 - 0. Let f(t) be the first derivative of t**4/24 - t**3/6 - 17*t**2/2 + 31. Let q(v) be the second derivative of f(v). Calculate q(y).
-7
Let x be -1*(-13 + 3)/(-2). Let s(u) = -3*u**3 + 4*u**2 + 2. Let j(c) = -17*c**3 + 19*c**2 - 2*c + 11. Let r(w) = 2*j(w) - 11*s(w). Calculate r(x).
-5
Let u = -9 + 8. Let c(j) = 10*j. Let q(o) = 15*o. Let k(n) = -8*c(n) + 5*q(n). What is k(u)?
5
Let i = -1446 + 1439. Let y(z) be the first derivative of 7/2*z**2 + 1/3*z**3 + 6*z + 1. Give y(i).
6
Let v(q) = 67*q**2 + 4 - 8 + 6*q - 68*q**2 - 2. Calculate v(5).
-1
Let q(b) be the second derivative of -b**3/6 + b**2 + b. Suppose -3*l + 15 = 0, 3*h - 6*l + 7*l - 23 = 0. Give q(h).
-4
Let o = -23 + 43. Suppose 3*r = -g + 22 - 8, -o = -4*g. Suppose 7*c + r + 4 = 0. Let i(w) = 7*w**2 + w + 1. Calculate i(c).
7
Let r(x) be the second derivative of x**6/120 + x**5/20 - x**4/24 - 2*x**3/3 - 3*x**2 - 36*x. Let k(b) be the first derivative of r(b). What is k(-3)?
-1
Suppose -15 = 5*a - 30. Let u be (-2)/a - ((-4)/6 + 0). Let x(z) = z - 2. What is x(u)?
-2
Let k(r) be the third derivative of -r**4/24 + 23*r**3/6 - 6*r**2 - 5*r. Calculate k(0).
23
Let j(s) = -s**3 - s**2 + 5*s - 1. Let y be j(-3). Let k(a) = -2*a**y + 2 + 2*a**2 + 4*a**2 - 3*a**2. Give k(0).
2
Let t(n) = 3*n + 54. Let m(i) = 2*i + 29. Let f(w) = 5*m(w) - 3*t(w). Calculate f(12).
-5
Let h be ((-1 - 0) + 4/12)*3. Let q(a) = -a**3 - 4*a**2 + a. Calculate q(h).
-10
Let b(w) = -w**2 + 8*w - 9. Let y(n) = 51*n**2 + 2*n - 1. Let k be y(1). Suppose -g + 8 = -2*r, -3*r + k = 2*g + 2*r. Suppose 0 = 6*d - 4*d - g. Calculate b(d).
-9
Suppose 0 = 6*x - x - 50. Suppose -2*u = -0*u + x. Let k(w) = 3 - w + 0*w - 6*w + 8*w. Calculate k(u).
-2
Suppose 0*k + 1 = k. Suppose -o + k = 2. Let l(m) = -4*m. Give l(o).
4
Suppose 24 = -6*f - 0. Let p(u) be the first derivative of -1 - 5*u - 1/2*u**2. Give p(f).
-1
Suppose 0 = -n + i - 2, 1 + 5 = n + i. Suppose -5*k + k = -u + 18, -4*k = -n*u + 16. Let q(m) = -m**2 - m - 2. Calculate q(u).
-4
Let y = 10 - 1. Let x = 6 - y. Let c(i) be the second derivative of -i**3/6 - i**2/2 - 25*i - 5. What is c(x)?
2
Suppose -17*n - i = -13*n - 12, -3*n + 2*i = 2. Let g(q) = -5*q**3 + 3*q**2 - 1. Give g(n).
-29
Let l(x) be the third derivative of -x**4/6 + 2*x**3/3 + 18*x**2. Let a(f) = 6*f + 9. Let i be a(-2). Give l(i).
16
Let z(x) = -2*x - 11. Let r be (8/(-3))/((-102)/18 - -6). Let l be z(r). Let i(t) = -t**3 + 6*t**2 - 7*t + 4. Determine i(l).
-6
Let k(w) be the second derivative of w**5/20 - w**4/4 - w**2 + 79*w - 2. Give k(4).
14
Let h(b) = b**3 + b**2 - 2. Suppose -2*r + 7*r - 44 = 4*n, -4 = -r - 4*n. Let u(l) = 60*l + 230. Let i be u(-4). Let q = i + r. Calculate h(q).
-6
Let f = -5 + 22. Let q(x) = -f*x + 46*x - 25*x + 1. Determine q(-1).
-3
Let b(x) = -6*x**2 + x**3 + 9 - 11 - 6. Determine b(6).
-8
Let u(m) = m**3 - 13*m**2 + 3. Let x be u(13). Suppose -p = x*q, -4*q = -0*p - 2*p + 20. Let n(o) = 0*o - 6*o + o - o**3 - 1 - p*o**2 + 3*o. Give n(-6).
11
Let h(c) = c**2 - 8*c + 2. Let q = 1108 + -1101. Determine h(q).
-5
Suppose 3*n + 2*k = -34, -3*n - k = -4*k + 24. Let i(y) = -11*y + 2. Let j be i(-1). Let o = j + n. Let m(b) = b**2 - 3*b + 2. Determine m(o).
2
Let y(w) be the third derivative of w**5/60 - w**4/6 - 11*w**3/6 + 81*w**2. Give y(5).
-6
Let q = -134 - -137. Let o(d) = 2*d**3 - 3*d**2 + 2*d - 6. Give o(q).
27
Let j(q) = -q**3 - 4*q**2 - 4*q. Let m = -141 + 138. Calculate j(m).
3
Suppose -s + 6*s = t + 10, 3*s + t = 14. Let a be (-5)/(-20) + s/4. Let r(l) = 5*l - 6*l - a + 3*l. Determine r(1).
1
Let h(v) = 5387*v - 2 - 5389*v - 4. Determine h(5).
-16
Let i(w) be the second derivative of -w**4/12 + 5*w**3/3 - 3*w**2 - 6*w + 2. Calculate i(5).
19
Let p(o) = 7 - 11*o - 34*o**2 - 34*o**2 + 67*o**2 - o - 27. Calculate p(-8).
12
Let f(g) be the third derivative of g**6/20 + g**5/30 + g**4/24 - 13*g**2 + 1. Let b(s) = s**2 + 5*s + 3. Let h be b(-4). Determine f(h).
-5
Let j(k) = -k - 3. Let g = -1 - -8. Suppose 5*i + g = -8. Calculate j(i).
0
Suppose -5*m = 5*x - 60, -5*x - 15 = -m + 3. Let n = -15 + m. Let w(r) be the third derivative of -r**5/60 - 5*r**4/24 - r**3/6 - r**2. Determine w(n).
5
Suppose -15 - 1 = -8*l. Let k(u) = u + 8. Let w(m) = 3*m + 9. Let s(j) = l*w(j) - 3*k(j). Give s(8).
18
Let w(j) = 2*j**2 - 5*j + 6. Let a(o) = -23*o + 142. Let y be a(6). What is w(y)?
18
Let z(t) = 4*t**2. Suppose -4*g + q + 76 + 54 = 0, 4*q + 25 = g. Let l = 27 - g. Let k be 2/(-1) - (l - -5). Calculate z(k).
4
Let j(q) be the third derivative of 2*q**2 - 12 + 0*q + 1/24*q**4 + 1/30*q**5 + 0*q**3 - 1/40*q**6. Calculate j(-1).
4
Let z(i) be the second derivative of 1/12*i**4 - 3*i - 1/2*i**2 + 0 + 1/6*i**3 - 1/20*i**5. Let h(b) = -b**2 + 9*b - 12. Let f be h(7). Determine z(f).
-3
Let f(r) be the second derivative of r**4/6 + r**3/3 - r**2 + 2*r - 8. Give f(-3).
10
Let t(c) = c**2 + 7*c + 2. Let b = -11 + -17. Let a be (-35 - -34)*1*22. Let w = b - a. Give t(w).
-4
Let k be 2/30*3 - 56/(-20). Suppose c + 1 = -2*b + k*b, -4*b + 2*c = -4. Let u(l) = 24*l. Calculate u(b).
24
Suppose 4*p + 83 = -3*c + 81, -4*c + 16 = -4*p. Let x(r) be the first derivative of 11*r**2/2 - r - 1. What is x(c)?
21
Suppose 0 = 19*s - 108 + 51. Let u(v) = -5*v - 1. Give u(s).
-16
Let r(n) be the first derivative of 5*n**2/2 + 3*n - 68. Determine r(-2).
-7
Suppose 3*w - 5*r - 20 = 0, 27*w - 28*w + 6 = -r. Let t(z) be the third derivative of 0*z + 1/60*z**w + 7/6*z**3 + 0 + 4*z**2 - 1/4*z**4. Determine t(5).
2
Let i(u) be the second derivative of u**6/360 + 7*u**5/120 + u**4/12 - 47*u**3/6 - 24*u. Let y(v) be the second derivative of i(v). Let t = 2 - 6. Give y(t).
-10
Let n(b) = -b - 20 + 31 - 16. Determine n(5).
-10
Let v(r) be the third derivative of -r**4/12 + 3*r**3/2 - 4*r**2. Let y = 3 + 3. Let u be (-300)/(-45) - 4/y. Give v(u).
-3
Let j(l) = l**3 + 5*l**2 + 3*l + 1. Let n = -7 - 18. Let i be 1/6 - n/(-6). Determine j(i).
5
Let k(j) = -j**2 + 1. Suppose u = 5*s + 21, 2*s + 4 = -u - 3*u. Calculate k(s).
-15
Let o(l) = -l**3 + 2*l**2 + 4*l. Let h(b) = -2*b**3 - b**2 - 2*b - 3. Let r be h(-2). Suppose 0 = -3*g - 17 - 13. Let s = g + r. Give o(s).
3
Let q(l) = 2*l**2 - 5*l - 4. Let u(w) = 3*w**2 - 9*w - 7. Let j(b) = 5*q(b) - 3*u(b). Suppose 0 = 3*z + 2*z + 15. Calculate j(z).
4
Let i(l) = 5*l + 3. Suppose 3*a = -3*a + 48. Calculate i(a).
43
Let w(i) = -2*i**2 + 4*i + 5. Let y be 1/(-3)*18/(-2). Let o(g) = 3*g**2 - 3*g - 4. Let a(n) = y*w(n) + 4*o(n). Let f be ((-3)/9)/((-2)/(-6)). Give a(f).
5
Let d(z) = z**3 - 8*z**2 + 7*z - 5. Suppose 2*k + 6*k + 16 = 0. Suppose -2*f = 3*q - 3*f + 10, -2*q + 5*f = 11. Let m be (-182)/(-39)*q/k. Determine d(m).
-5
Let c(j) = j**3 - 7*j**2 + 9*j + 5. Let t be c(5). Let s(p) = 3*p**2 + 0 + 11*p**3 + t - p - 10*p**3. Give s(-3).
3
Let r(m) = 149*m - 139*m + 5*m**2 - 28 - m**3 + 8. Determine r(6).
4
Suppose 4*d - 4*k - 12 = -5*k, 5*k + 4 = -4*d. Let o(v) = -d*v - 20 + 38 - 19. What is o(1)?
-5
Let k be (57/(-2) - 1)*(2 + -118). Let x(g) = 3421*g**2 + 0*g + 8 + 0*g - k*g**2. Determine x(0).
8
Let k = -29 + 64. Let d = 41 - k. Let m(f) = -f**2 + 4*f + 7. What is m(d)?
-5
Suppose -4*z + 93 = -z. Let m = z + -30. Let c(f) = -1 - m - 3*f + 2*f + 7. What is c(0)?
5
Let j(i) = i**3 + 2*i**2 - 4*i + 5. Let p(v) = v**2 + 4*v. Let g be p(-2). Calculate j(g).
-11
Let w be (-6)/(-5)*((-34)/(-6) - 4). Let o(t) be the third derivative of 2*t**w - 1/120*t**6 + 7/60*t**5 + 4/3*t**3 + 0*t + 0 - 1/3*t**4. What is o(6)?
-4
Suppose 0 = 2*z - 5*z - 102. Let w = z + 31. Let g(h) = 6*h + 1. Calculate g(w).
-17
Let j(y) = y + 1. Let i be j(-1). Let v(z) = z + 5. Let t(o) = o + 4. Let g(c) = -6*t(c) + 5*v(c). Give g(i).
1
Let d(s) = -12*s + 394 + 9*s**2 - 394 + s**3. Give d(-10).
20
Let g(j) = 6*j**3 - 9*j - 4*j**3 - j**3 + 136 - 123 + 9*j**2. What is g(-10)?
3
Let q(l) be the first derivative of 1/2*l**2 - 21 - l. Determine q(-8).
-9
Let j(d) = -2*d + d**3 - 4*d**2 - 2 + 2*d**2 + 0*d**2 + 5*d**2 + 0*d**3. Give j(2).
14
Suppose 1 - 13 = -4*w. Let q(j) = -25*j**3 + 41*j**3 + w - 3*j**2